{"id":1127,"date":"2020-11-22T19:48:45","date_gmt":"2020-11-22T19:48:45","guid":{"rendered":"https:\/\/sittaunam19.wordpress.com\/?page_id=1127"},"modified":"2020-11-22T19:48:45","modified_gmt":"2020-11-22T19:48:45","slug":"reforma-laboral","status":"publish","type":"page","link":"https:\/\/sittaunam.org\/index.php\/reforma-laboral\/","title":{"rendered":"Reforma Laboral"},"content":{"rendered":"\n<div class=\"wp-block-group alignfull has-background-background-color has-background\"><div class=\"wp-block-group__inner-container is-layout-flow wp-block-group-is-layout-flow\">\n<div class=\"wp-block-jetpack-layout-grid alignfull column1-desktop-grid__span-8 column1-desktop-grid__start-3 column1-desktop-grid__row-1 column1-tablet-grid__span-8 column1-tablet-grid__row-1 column1-mobile-grid__span-4 column1-mobile-grid__row-1\">\n<div class=\"wp-block-jetpack-layout-grid-column wp-block-jetpack-layout-grid__padding-none\">\n<div class=\"wp-block-image is-style-rounded\"><figure class=\"aligncenter size-large is-resized\"><img decoding=\"async\" src=\"https:\/\/sittaunam19.files.wordpress.com\/2020\/11\/analisis-y-comentarios-a-la-reforma-laboral.jpg?w=458\" alt=\"\" class=\"wp-image-1130\" width=\"145\" height=\"177\" srcset=\"https:\/\/sittaunam.org\/wp-content\/uploads\/2020\/11\/analisis-y-comentarios-a-la-reforma-laboral.jpg 458w, https:\/\/sittaunam.org\/wp-content\/uploads\/2020\/11\/analisis-y-comentarios-a-la-reforma-laboral-246x300.jpg 246w\" sizes=\"(max-width: 145px) 100vw, 145px\" \/><\/figure><\/div>\n\n\n\n<h1 class=\"has-text-align-center wp-block-heading\">El sistema de justicia laboral ha tenido cambios recientes que tienen efectos en el r\u00e9gimen sindical.<\/h1>\n\n\n\n<p>&#8220;La Reforma al Sistema de Justicia Laboral busca impulsar la agilizaci\u00f3n de las controversias laborales en dos instancias fundamentales: la primera, el Centro Federal de Conciliaci\u00f3n y Registro Laboral y los Centros de Conciliaci\u00f3n locales, que ahora tendr\u00e1n a su cargo garantizar el derecho fundamental de acceso a la<br>justicia mediante la conciliaci\u00f3n prejudicial, es decir, el acceso a la justicia en sede administrativa y; la segunda, la que tendr\u00e1 lugar ante los Tribunales Laborales especializados a cargo de los Poderes Judiciales federal y locales.&#8221; (Manuel de Conciliaci\u00f3n laboral 2020)<\/p>\n\n\n\n<p>EL Sindicato Independiente de Trabajadoras y Trabajadores Acad\u00e9micos de la UNAM les invita a revisar los diversos documentos y materiales en torno a la reforma laboral.<\/p>\n<\/div>\n<\/div>\n\n\n\n<div class=\"wp-block-file\"><a href=\"https:\/\/sittaunam19.files.wordpress.com\/2021\/01\/decreto-por-el-que-se-reforma-el-articc81culo-311-y-se-adiciona-el-capicc81tulo-xii-bis-de-la-ley-federal-del-trabajo-en-materia-de-teletrabajo..pdf\">decreto-por-el-que-se-reforma-el-articc81culo-311-y-se-adiciona-el-capicc81tulo-xii-bis-de-la-ley-federal-del-trabajo-en-materia-de-teletrabajo.<\/a><a href=\"https:\/\/sittaunam19.files.wordpress.com\/2021\/01\/decreto-por-el-que-se-reforma-el-articc81culo-311-y-se-adiciona-el-capicc81tulo-xii-bis-de-la-ley-federal-del-trabajo-en-materia-de-teletrabajo..pdf\" class=\"wp-block-file__button\" download>Descarga<\/a><\/div>\n\n\n\n<div style=\"height:30px;\" aria-hidden=\"true\" class=\"wp-block-spacer\"><\/div>\n<\/div><\/div>\n\n\n\n<div class=\"wp-block-group alignfull has-background-background-color has-background\"><div class=\"wp-block-group__inner-container is-layout-flow wp-block-group-is-layout-flow\">\n<div class=\"wp-block-jetpack-layout-grid alignfull column1-desktop-grid__span-10 column1-desktop-grid__start-2 column1-desktop-grid__row-1 column1-tablet-grid__span-8 column1-tablet-grid__row-1 column1-mobile-grid__span-4 column1-mobile-grid__row-1\">\n<div class=\"wp-block-jetpack-layout-grid-column wp-block-jetpack-layout-grid__padding-none\">\n\n\n<p><\/p>\n<\/div>\n<\/div>\n<\/div><\/div>\n\n\n\n<div style=\"height:64px;\" aria-hidden=\"true\" class=\"wp-block-spacer\"><\/div>\n\n\n\n<div class=\"wp-block-group alignfull has-text-color has-background\" style=\"background-color:#f1f6e9;color:#000000;\"><div class=\"wp-block-group__inner-container is-layout-flow wp-block-group-is-layout-flow\">\n<div style=\"height:60px;\" aria-hidden=\"true\" class=\"wp-block-spacer\"><\/div>\n\n\n\n<div class=\"wp-block-jetpack-layout-grid alignfull column1-desktop-grid__span-8 column1-desktop-grid__start-3 column1-desktop-grid__row-1 column1-tablet-grid__span-8 column1-tablet-grid__row-1 column1-mobile-grid__span-4 column1-mobile-grid__row-1\">\n<div class=\"wp-block-jetpack-layout-grid-column wp-block-jetpack-layout-grid__padding-none\">\n<p class=\"has-text-align-left has-huge-font-size\">Recibe el contenido nuevo directamente en tu bandeja de entrada.<\/p>\n\n\n\n<div class=\"wp-block-jetpack-subscriptions wp-block-jetpack-subscriptions__supports-newline wp-block-jetpack-subscriptions__use-newline\">[jetpack_subscription_form subscribe_placeholder=&#8221;Direcci\u00f3n de correo electr\u00f3nico&#8221; show_subscribers_total=&#8221;false&#8221; button_on_newline=&#8221;true&#8221; submit_button_text=&#8221;Sign up&#8221; custom_font_size=&#8221;16&#8243; custom_border_radius=&#8221;0&#8243; custom_border_weight=&#8221;1&#8243; custom_padding=&#8221;15&#8243; custom_spacing=&#8221;10&#8243; submit_button_classes=&#8221;has-text-color has-background-color has-background has-primary-background-color&#8221; email_field_classes=&#8221;&#8221; show_only_email_and_button=&#8221;true&#8221;]<\/div>\n<\/div>\n<\/div>\n\n\n\n<div style=\"height:60px;\" aria-hidden=\"true\" class=\"wp-block-spacer\"><\/div>\n<\/div><\/div>\n","protected":false},"excerpt":{"rendered":"<p>El sistema de justicia laboral ha tenido cambios recientes que tienen efectos en el r\u00e9gimen sindical. &#8220;La Reforma al Sistema de Justicia Laboral busca impulsar la agilizaci\u00f3n de las controversias laborales en dos instancias fundamentales: la primera, el Centro Federal de Conciliaci\u00f3n y Registro Laboral y los Centros de Conciliaci\u00f3n locales, que ahora tendr\u00e1n a su cargo garantizar el derecho fundamental de acceso a lajusticia mediante la conciliaci\u00f3n prejudicial, es decir, el acceso a la justicia en sede administrativa y; la segunda, la que tendr\u00e1 lugar ante los Tribunales Laborales especializados a cargo de los Poderes Judiciales federal y locales.&#8221; (Manuel de Conciliaci\u00f3n laboral 2020) EL Sindicato Independiente de Trabajadoras y Trabajadores Acad\u00e9micos de la UNAM les invita a revisar los diversos documentos y materiales en torno a la reforma laboral. Recibe el contenido nuevo directamente en tu bandeja de entrada.<\/p>\n","protected":false},"author":1,"featured_media":0,"parent":0,"menu_order":0,"comment_status":"closed","ping_status":"closed","template":"","meta":{"site-sidebar-layout":"default","site-content-layout":"","ast-site-content-layout":"default","site-content-style":"default","site-sidebar-style":"default","ast-global-header-display":"","ast-banner-title-visibility":"","ast-main-header-display":"","ast-hfb-above-header-display":"","ast-hfb-below-header-display":"","ast-hfb-mobile-header-display":"","site-post-title":"","ast-breadcrumbs-content":"","ast-featured-img":"","footer-sml-layout":"","ast-disable-related-posts":"","theme-transparent-header-meta":"","adv-header-id-meta":"","stick-header-meta":"","header-above-stick-meta":"","header-main-stick-meta":"","header-below-stick-meta":"","astra-migrate-meta-layouts":"default","ast-page-background-enabled":"default","ast-page-background-meta":{"desktop":{"background-color":"var(--ast-global-color-5)","background-image":"","background-repeat":"repeat","background-position":"center center","background-size":"auto","background-attachment":"scroll","background-type":"","background-media":"","overlay-type":"","overlay-color":"","overlay-opacity":"","overlay-gradient":""},"tablet":{"background-color":"","background-image":"","background-repeat":"repeat","background-position":"center center","background-size":"auto","background-attachment":"scroll","background-type":"","background-media":"","overlay-type":"","overlay-color":"","overlay-opacity":"","overlay-gradient":""},"mobile":{"background-color":"","background-image":"","background-repeat":"repeat","background-position":"center center","background-size":"auto","background-attachment":"scroll","background-type":"","background-media":"","overlay-type":"","overlay-color":"","overlay-opacity":"","overlay-gradient":""}},"ast-content-background-meta":{"desktop":{"background-color":"var(--ast-global-color-4)","background-image":"","background-repeat":"repeat","background-position":"center center","background-size":"auto","background-attachment":"scroll","background-type":"","background-media":"","overlay-type":"","overlay-color":"","overlay-opacity":"","overlay-gradient":""},"tablet":{"background-color":"var(--ast-global-color-4)","background-image":"","background-repeat":"repeat","background-position":"center center","background-size":"auto","background-attachment":"scroll","background-type":"","background-media":"","overlay-type":"","overlay-color":"","overlay-opacity":"","overlay-gradient":""},"mobile":{"background-color":"var(--ast-global-color-4)","background-image":"","background-repeat":"repeat","background-position":"center center","background-size":"auto","background-attachment":"scroll","background-type":"","background-media":"","overlay-type":"","overlay-color":"","overlay-opacity":"","overlay-gradient":""}},"footnotes":""},"class_list":["post-1127","page","type-page","status-publish","hentry"],"_links":{"self":[{"href":"https:\/\/sittaunam.org\/index.php\/wp-json\/wp\/v2\/pages\/1127","targetHints":{"allow":["GET"]}}],"collection":[{"href":"https:\/\/sittaunam.org\/index.php\/wp-json\/wp\/v2\/pages"}],"about":[{"href":"https:\/\/sittaunam.org\/index.php\/wp-json\/wp\/v2\/types\/page"}],"author":[{"embeddable":true,"href":"https:\/\/sittaunam.org\/index.php\/wp-json\/wp\/v2\/users\/1"}],"replies":[{"embeddable":true,"href":"https:\/\/sittaunam.org\/index.php\/wp-json\/wp\/v2\/comments?post=1127"}],"version-history":[{"count":0,"href":"https:\/\/sittaunam.org\/index.php\/wp-json\/wp\/v2\/pages\/1127\/revisions"}],"wp:attachment":[{"href":"https:\/\/sittaunam.org\/index.php\/wp-json\/wp\/v2\/media?parent=1127"}],"curies":[{"name":"wp","href":"https:\/\/api.w.org\/{rel}","templated":true}]}}

<div class="wp-block-group alignfull has-background-background-color has-background"><div class="wp-block-group__inner-container is-layout-flow wp-block-group-is-layout-flow">
<div class="wp-block-jetpack-layout-grid alignfull column1-desktop-grid__span-8 column1-desktop-grid__start-3 column1-desktop-grid__row-1 column1-tablet-grid__span-8 column1-tablet-grid__row-1 column1-mobile-grid__span-4 column1-mobile-grid__row-1">
<div class="wp-block-jetpack-layout-grid-column wp-block-jetpack-layout-grid__padding-none">
<div class="wp-block-image is-style-rounded"><figure class="aligncenter size-large is-resized"><img decoding="async" src="https://sittaunam19.files.wordpress.com/2020/11/analisis-y-comentarios-a-la-reforma-laboral.jpg?w=458" alt="" class="wp-image-1130" width="145" height="177" srcset="https://sittaunam.org/wp-content/uploads/2020/11/analisis-y-comentarios-a-la-reforma-laboral.jpg 458w, https://sittaunam.org/wp-content/uploads/2020/11/analisis-y-comentarios-a-la-reforma-laboral-246x300.jpg 246w" sizes="(max-width: 145px) 100vw, 145px" /></figure></div>



<h1 class="has-text-align-center wp-block-heading">El sistema de justicia laboral ha tenido cambios recientes que tienen efectos en el régimen sindical.</h1>



<p>&#8220;La Reforma al Sistema de Justicia Laboral busca impulsar la agilización de las controversias laborales en dos instancias fundamentales: la primera, el Centro Federal de Conciliación y Registro Laboral y los Centros de Conciliación locales, que ahora tendrán a su cargo garantizar el derecho fundamental de acceso a la<br>justicia mediante la conciliación prejudicial, es decir, el acceso a la justicia en sede administrativa y; la segunda, la que tendrá lugar ante los Tribunales Laborales especializados a cargo de los Poderes Judiciales federal y locales.&#8221; (Manuel de Conciliación laboral 2020)</p>



<p>EL Sindicato Independiente de Trabajadoras y Trabajadores Académicos de la UNAM les invita a revisar los diversos documentos y materiales en torno a la reforma laboral.</p>
</div>
</div>



<div class="wp-block-file"><a href="https://sittaunam19.files.wordpress.com/2021/01/decreto-por-el-que-se-reforma-el-articc81culo-311-y-se-adiciona-el-capicc81tulo-xii-bis-de-la-ley-federal-del-trabajo-en-materia-de-teletrabajo..pdf">decreto-por-el-que-se-reforma-el-articc81culo-311-y-se-adiciona-el-capicc81tulo-xii-bis-de-la-ley-federal-del-trabajo-en-materia-de-teletrabajo.</a><a href="https://sittaunam19.files.wordpress.com/2021/01/decreto-por-el-que-se-reforma-el-articc81culo-311-y-se-adiciona-el-capicc81tulo-xii-bis-de-la-ley-federal-del-trabajo-en-materia-de-teletrabajo..pdf" class="wp-block-file__button" download>Descarga</a></div>



<div style="height:30px;" aria-hidden="true" class="wp-block-spacer"></div>
</div></div>



<div class="wp-block-group alignfull has-background-background-color has-background"><div class="wp-block-group__inner-container is-layout-flow wp-block-group-is-layout-flow">
<div class="wp-block-jetpack-layout-grid alignfull column1-desktop-grid__span-10 column1-desktop-grid__start-2 column1-desktop-grid__row-1 column1-tablet-grid__span-8 column1-tablet-grid__row-1 column1-mobile-grid__span-4 column1-mobile-grid__row-1">
<div class="wp-block-jetpack-layout-grid-column wp-block-jetpack-layout-grid__padding-none">


<p></p>
</div>
</div>
</div></div>



<div style="height:64px;" aria-hidden="true" class="wp-block-spacer"></div>



<div class="wp-block-group alignfull has-text-color has-background" style="background-color:#f1f6e9;color:#000000;"><div class="wp-block-group__inner-container is-layout-flow wp-block-group-is-layout-flow">
<div style="height:60px;" aria-hidden="true" class="wp-block-spacer"></div>



<div class="wp-block-jetpack-layout-grid alignfull column1-desktop-grid__span-8 column1-desktop-grid__start-3 column1-desktop-grid__row-1 column1-tablet-grid__span-8 column1-tablet-grid__row-1 column1-mobile-grid__span-4 column1-mobile-grid__row-1">
<div class="wp-block-jetpack-layout-grid-column wp-block-jetpack-layout-grid__padding-none">
<p class="has-text-align-left has-huge-font-size">Recibe el contenido nuevo directamente en tu bandeja de entrada.</p>



<div class="wp-block-jetpack-subscriptions wp-block-jetpack-subscriptions__supports-newline wp-block-jetpack-subscriptions__use-newline">[jetpack_subscription_form subscribe_placeholder=&#8221;Dirección de correo electrónico&#8221; show_subscribers_total=&#8221;false&#8221; button_on_newline=&#8221;true&#8221; submit_button_text=&#8221;Sign up&#8221; custom_font_size=&#8221;16&#8243; custom_border_radius=&#8221;0&#8243; custom_border_weight=&#8221;1&#8243; custom_padding=&#8221;15&#8243; custom_spacing=&#8221;10&#8243; submit_button_classes=&#8221;has-text-color has-background-color has-background has-primary-background-color&#8221; email_field_classes=&#8221;&#8221; show_only_email_and_button=&#8221;true&#8221;]</div>
</div>
</div>



<div style="height:60px;" aria-hidden="true" class="wp-block-spacer"></div>
</div></div>

<p>El sistema de justicia laboral ha tenido cambios recientes que tienen efectos en el régimen sindical. &#8220;La Reforma al Sistema de Justicia Laboral busca impulsar la agilización de las controversias laborales en dos instancias fundamentales: la primera, el Centro Federal de Conciliación y Registro Laboral y los Centros de Conciliación locales, que ahora tendrán a su cargo garantizar el derecho fundamental de acceso a lajusticia mediante la conciliación prejudicial, es decir, el acceso a la justicia en sede administrativa y; la segunda, la que tendrá lugar ante los Tribunales Laborales especializados a cargo de los Poderes Judiciales federal y locales.&#8221; (Manuel de Conciliación laboral 2020) EL Sindicato Independiente de Trabajadoras y Trabajadores Académicos de la UNAM les invita a revisar los diversos documentos y materiales en torno a la reforma laboral. Recibe el contenido nuevo directamente en tu bandeja de entrada.</p>
